/m + -2 + -1 is divided by v(-4)?
14
Suppose 4*a + 4*c + 1 = 37, -a - 3*c + 7 = 0. Calculate the remainder when 22 is divided by a.
2
Let u(w) = -10*w - 18*w - 62*w. Let z be u(-1). Suppose 0 = 8*m - 3*m - z. What is the remainder when 35 is divided by m?
17
Calculate the remainder when (2 - 58)*5/(-4) is divided by 54/(-21)*56/(-6).
22
Let k(u) = 2*u**2 + 2*u + 2. Let n be k(4). Suppose -7 + n = 5*q. Let l = -3 + 5. Calculate the remainder when q is divided by l.
1
Let m(c) = -295*c**3 + c**2 - c - 3. Calculate the remainder when m(-1) is divided by 11.
8
Let p(k) = -4 - k**3 + 7 + 2*k**3. Suppose -x + 4*x - 9 = 0. Calculate the remainder when p(0) is divided by x.
0
Let f(r) = -8*r - 5. Calculate the remainder when 21 is divided by f(-2).
10
What is the remainder when 53 is divided by (-1*1)/((-8)/88)?
9
Suppose -30 - 230 = -5*d. Calculate the remainder when d is divided by 18.
16
Let s be (-4)/2*10/(-1). Calculate the remainder when (-97)/(-5) - 8/s is divided by 7.
5
Let k = 26 + -16. Calculate the remainder when 27 is divided by k.
7
Let v(o) = 2*o**2 + 3*o - 3. What is the remainder when v(-4) is divided by 5?
2
Let c(u) = -u - 3. Let l be c(8). Let k = l + 18. Suppose 0 = -2*o + 5*o - 9. What is the remainder when k is divided by o?
1
Suppose -w + 7 = -6. Suppose -2*g = -b - 6 + 19, 0 = 4*g + 20. Suppose -b*t - 37 = -4*t. What is the remainder when t is divided by w?
11
Let f = -9 + 25. Let u = -52 - -98. What is the remainder when u is divided by f?
14
Let o be 2 - (-1 - -3)*-1. Let u = o + 2. What is the remainder when u is divided by 2?
0
Suppose -2*n - 35 = -3*m, 2*m + n + 7 = 21. Let f = -1 + 26. What is the remainder when f is divided by m?
7
Let p be (-245)/(-10) + (-2)/4. Let m be 0/(2/2 + -2). Suppose r + 2*r - p = m. What is the remainder when 15 is divided by r?
7
Let f(h) = h**3 + 14*h**2 + 14*h + 15. Let l be f(-13). Suppose -45 = -l*y - y. Calculate the remainder when 29 is divided by y.
14
Suppose 48 = 125*d - 121*d. Calculate the remainder when 56 is divided by d.
8
Let r(a) = a**2 - 4*a - 8. Let i be r(6). Suppose -f - 31 + i = 0. Let n = -10 - f. Calculate the remainder when n is divided by 9.
8
Let w = -28 + 29. Let p = w - -1. Let u(q) = -q**3 + 5*q**2 - 4*q + 5. Calculate the remainder when u(4) is divided by p.
1
Let k = -81 + 48. Suppose -u + 208 = -5*u. Let y = k - u. What is the remainder when y is divided by 7?
5
Let w(d) = 11*d**3 - d**2 + d. What is the remainder when ((-378)/6)/(6/(-4)) is divided by w(1)?
9
Suppose 2*j - 3 + 26 = -3*z, -3*j = -2*z + 15. Let h = -21 + 32. Let c = j + h. What is the remainder when 7 is divided by c?
3
Suppose -4*d - 5*j = 389, -2*j = -d - 4*j - 95. Let r = -58 - d. Let v(c) = 17*c + 62. What is the remainder when r is divided by v(-3)?
10
Let v(g) = -g**3 - 4*g**2 + 3*g + 4. Let b = 28 + -2. What is the remainder when b is divided by v(-5)?
12
Suppose 2*v - 6 = 2*m, -2*m - 2*v = -v + 6. Let g = 1 + 8. What is the remainder when ((-2)/m)/((-2)/(-78)) is divided by g?
8
Suppose -33 = -7*i + 6*i. Calculate the remainder when i is divided by 7.
5
Let d(f) = f**3 + 8*f**2 + 7*f - 11. What is the remainder when 53 is divided by d(-6)?
15
Let i = 19 + -3. Suppose -17 = -n + 5*m, -n - m + i = -1. Calculate the remainder when 48 is divided by n.
14
Suppose 0 = -3*f - 15 + 18. Suppose -q + 27 = 7*p - 2*p, 13 = -q + 3*p. Let j = q - f. What is the remainder when 3 is divided by j?
0
Suppose u - 9 = -11. What is the remainder when 75/(-6)*u - -2 is divided by 15?
12
Let q(m) = 3*m. Let c be 22/(-5) + (-4)/(-10). Let o(a) = -9*a + 1. Let w(n) = c*o(n) - 11*q(n). Calculate the remainder when w(5) is divided by 4.
3
Suppose 3*k = 2*r + 47, -2*r - 36 = -2*k - 6. What is the remainder when k is divided by 10?
7
Let a = 46 - 34. Calculate the remainder when 29 is divided by a.
5
Suppose -2*r - 2*a = -0*r - 14, -2*a + 10 = 0. Let q(j) = 14*j**2 + j. What is the remainder when q(r) is divided by 20?
18
Let c(m) = -m + 1. What is the remainder when 19 is divided by c(-1)?
1
Suppose 3*c - 177 = -5*r, -5*r - c + 53 + 126 = 0. Calculate the remainder when 105 is divided by r.
33
Suppose 0 = 4*s + 12, -15 = p - s + 3*s. Let w = p - -37. Calculate the remainder when w is divided by ((-40)/(-14))/(6/21).
8
Let f = -93 - -103. What is the remainder when 25 is divided by f?
5
Let w be (0 + 1)*-1 - 1. Let z be w/(-8) + (-50)/8. Calculate the remainder when (-112)/z - 2/3 is divided by 10.
8
Let c be (8 + -10)/(2/(-16)). Let u(d) = -d**3 + 7*d**2 - 3*d + 3. Calculate the remainder when u(5) is divided by (-200)/c*(-8)/10.
8
Let y(w) = -w**2 + 5*w + 5. Let p be 4 - 1*(-4)/4. Suppose 21 + 17 = 2*n. What is the remainder when n is divided by y(p)?
4
Suppose -18*j + 23*j = 35. Calculate the remainder when j is divided by 5.
2
Suppose -3*d + 7 = 2*v - 2*d, -5*d = 2*v - 19. Calculate the remainder when 2 is divided by v.
0
Suppose 0 = -5*s + 4*b - 3*b + 149, 5*s = -3*b + 133. Let v = 60 - s. Let g = -26 + 37. What is the remainder when v is divided by g?
9
Let z be 2/(-3) + 508/6. Let p = z - 7. What is the remainder when p is divided by 26?
25
Let g be ((-2)/3)/((-2)/9). Suppose y = g*d - 8*d + 5, y - 5 = 2*d. Calculate the remainder when y is divided by 2.
1
Let r(k) = k**2 - 12*k + 16. What is the remainder when r(12) is divided by 9?
7
Let w(k) = 3*k - 27. What is the remainder when w(11) is divided by 3?
0
Let z = -15 + 77. Let b = z - 35. Calculate the remainder when b is divided by 10.
7
Suppose -3*z - 27 = -5*v, 16 = v - 3*z + 1. Suppose -5*d + 97 = -v*s, 2*s = -0*d + d - 74. Let o = -28 - s. Calculate the remainder when 32 is divided by o.
10
What is the remainder when 10 is divided by (-1)/(12/(-30)) - (-2)/(-4)?
0
Let r(x) be the third derivative of x**5/20 + x**4/4 - x**3/6 + 3*x**2. Let d = -18 + 33. Calculate the remainder when d is divided by r(-3).
7
Suppose -100 = -5*c + 3*w, 80 = 4*c - 0*c - 5*w. Calculate the remainder when 59 is divided by c.
19
Let j(f) = -f**3 + 7*f**2 + 7. What is the remainder when (6/(-9))/(2/(-57)) is divided by j(7)?
5
Suppose -23 = -h - 5*f + 12, -f = -4. What is the remainder when h is divided by 9?
6
Suppose 2*n + 0*n - 24 = 0. Suppose 8*a = -73 + 345. What is the remainder when a is divided by n?
10
Suppose 3*s + 285 = 2*l, 5*s + 453 = -2*l - 2*l. Suppose 0*y - 21 = -3*y - r, 4*y = r + 35. What is the remainder when (4/6)/((-2)/s) is divided by y?
7
Let w(s) = -2*s + 2. Suppose -5 + 75 = 5*m. Calculate the remainder when m is divided by w(-1).
2
Let w(q) = 2*q**2 + q - 2. Suppose -3*i + 3*y + 18 = 0, -2*i - 4*y = -2*y + 4. Calculate the remainder when w(-2) is divided by i.
0
Suppose -8 - 7 = -5*s. Suppose h + 2 = s*h. Calculate the remainder when 5 is divided by h.
0
Let i(c) = c. Let s be i(4). Suppose 0 = -6*h + s*h + 118. Let n = 111 - h. Calculate the remainder when n is divided by 18.
16
Suppose -z = 2*g + 8, -2*g = -4*z + 11 + 7. Let r be (-191)/(-9) - (-4)/(-18). Suppose p + z = r. What is the remainder when p is divided by 10?
9
Suppose 60 = 2*c - 7*c. Let q = c + 19. Let o = -14 + 27. Calculate the remainder when o is divided by q.
6
Let x = 86 + -70. What is the remainder when 42 is divided by x?
10
Suppose 10 = 3*s - s. Let b(l) = -l**2 + 6*l - 2. What is the remainder when 4 is divided by b(s)?
1
Let k(o) be the second derivative of 23*o**4/12 + o**3/6 + o**2/2 + o. Calculate the remainder when 44 is divided by k(-1).
21
Let f be ((-27)/3)/(0 + 1). Let i = -4 - f. Calculate the remainder when 18 is divided by i.
3
Suppose -4*f + 2 - 6 = 0. Let m = 1 + -2. What is the remainder when (-2 - -51) + (f - m) is divided by 17?
15
Let f(k) = k**2 - 10. Suppose -78 = -3*w + 93. Calculate the remainder when w is divided by f(5).
12
Suppose 2*m - 2 = i - 9, -4*m - 2 = 2*i. Suppose 0*u = 3*u - 4*a - 23, 4*a + 8 = 0. Suppose -u*o + 2 = -33. What is the remainder when o is divided by i?
1
Suppose -5*c + 2 = 27, -5*i - 3*c - 5 = 0. Let x(g) = -1 - i*g**2 - g**3 + 3*g + 0 + g**2 + 0*g**3. What is the remainder when 14 is divided by x(-3)?
6
Suppose -2*n = -3*l - 456, 5*l + 685 = 2*n + n. Let c = n - 132. Suppose -4*i = -c + 17. What is the remainder when i is divided by 10?
9
Suppose 2*a = 7*a - 5*d + 20, -a - d + 4 = 0. Suppose 4*g + 5 - 25 = a. Suppose -2*r = -